eatest common divisor of 19 and x.
19
Let u be (32/(512/37392))/3. What is the greatest common factor of 323 and u?
19
Let l = 2015 + -1595. What is the greatest common factor of l and 182?
14
Let k be (176/66 + -3)/((-3)/59292). What is the highest common divisor of k and 60?
12
Suppose 3*c + 1 = -2*v, -5*v + 3*c = -2*c - 35. Suppose -v*j + 5*j = -4, 0 = 4*m - 3*j - 24. What is the greatest common divisor of m and 87?
3
Let h(a) = -a**3 - 34*a**2 + a + 38. Let l be h(-34). Let c be (9/(-4))/(l/(-112)). Calculate the highest common factor of 35 and c.
7
Suppose 4 = -25*k + 27*k. Suppose i - 10*f + 1 = -9*f, 5*f = k*i + 11. What is the highest common divisor of 3 and i?
1
Let a be (-653)/(-2) + (-1)/(-2). Let s = a - -33. Suppose 450 = 5*b + 3*u + 2*u, -4*b - 3*u + s = 0. Calculate the greatest common divisor of b and 18.
18
Suppose -5*s + 260 - 55 = -4*v, -5*s = -v - 40. Let u = v - -110. What is the greatest common divisor of 15 and u?
5
Let b be (0/(-1))/((-19)/(-19)). Suppose b = 5*p - 217 - 23. Calculate the highest common divisor of p and 32.
16
Let l = -34 - -34. Let d be (-3)/(-12)*l + 7. Let b be 14/(-3)*(1 - 25/d). Calculate the highest common factor of b and 12.
12
Suppose 7*i = -9*i - 2240. Let t = -141 - i. Let c be t/9*2 + 20/9. What is the greatest common factor of 32 and c?
2
Let z = 2112 + 5408. Calculate the highest common factor of 160 and z.
160
Suppose 0 = -l - 4, 0 = 3*v + 4*l - 2. Suppose 3*p - 4 = -5*o + 19, -2*o = -2*p - v. What is the greatest common factor of 64 and o?
4
Suppose -y + 142 = -3*a, 5*y + 18*a - 653 = 14*a. Calculate the greatest common factor of 1083 and y.
19
Let z = -10 - -210. Suppose 0 = -19*g + 14*g - 5*d + z, 0 = -2*d + 4. Calculate the highest common factor of g and 190.
38
Let q be (2 + 8/(-3))*(-462)/(-7). Suppose -3*o + 2*s = -448, o + 298 = 3*o - 2*s. Let i = o + q. Calculate the highest common divisor of 159 and i.
53
Let k(y) = -2*y**2 - 21*y + 42. Let i(p) = -2*p**2 - 22*p + 43. Let n(z) = -3*i(z) + 2*k(z). Let r be n(2). Calculate the highest common factor of 121 and r.
11
Suppose 0*s + 3 = -3*s, 4*k + 2*s - 398 = 0. Let v = 10806 + -10581. What is the highest common divisor of v and k?
25
Let o = -2 - -16. Let t(g) = -48*g**2 - 9*g + 6. Let j be t(3). Let r = j - -579. What is the greatest common divisor of r and o?
14
Let o be 4/(-8) - 34/(-4). Let a = -132350 + 132386. What is the greatest common divisor of o and a?
4
Let y(a) = -a**3 + 8*a**2 - 5*a - 7. Let p be y(7). Suppose -m + p = -17. Let c be -3 + 22 + -3 + -18 + 10. Calculate the greatest common factor of c and m.
8
Suppose g = -i + 2*i - 4, -5 = 5*g. Suppose 8*a = 7*a + i. Suppose 100 = 5*q + 3*d, a*q - 7*q + 80 = -5*d. Calculate the highest common factor of q and 20.
20
Let a = -257771 - -257784. Suppose 0 = 3*u - u - 2. Calculate the greatest common factor of a and u.
1
Let r(s) = s**3 - 3*s**2 + 3*s - 2. Let g be r(3). Let x be 31 + (-73)/((-2774)/152). What is the highest common factor of x and g?
7
Let j(m) = 10*m**2 - 30*m + 54. Let p be j(2). Calculate the greatest common factor of 136 and p.
34
Suppose -56*c + 26 + 5686 = -0*c. Calculate the greatest common divisor of 654 and c.
6
Let h = -1168 + 1256. Let z = -24 + 27. Let o be (66/4)/(z/4). What is the greatest common divisor of h and o?
22
Let n be ((-66)/8)/((-36)/192). Let s(l) = -78*l - 228. Let y be s(-3). What is the highest common divisor of n and y?
2
Let a be 411/9 + ((-4)/3)/(-4). Let h = -42 + a. Let j(w) = -w**2 + 11*w - 2. Let x be j(6). What is the greatest common divisor of x and h?
4
Let b be (20/3)/(1/3). Let n be 17/(-2)*2 + 491 + -14. Calculate the greatest common factor of n and b.
20
Let f = -379 - -400. Let y(q) = -3*q - 3. Let u be y(-2). Suppose 0 = u*n - n - 378. What is the highest common divisor of n and f?
21
Suppose 4*l - 2*f = 6496, 6*f - 4 = 5*f. Suppose 6*s - 2*s - 4038 = -5*x, -2*x = -2*s - l. What is the greatest common divisor of x and 27?
27
Suppose -6056 = -r + 2646*a - 2645*a, 0 = -4*a - 24. Calculate the greatest common divisor of r and 44.
22
Let o be 1338/12*(0 - -4). Let k = 44 + o. What is the greatest common divisor of 35 and k?
35
Let l be (0 + 2 + 9)/(3/6). Suppose -206*r = -209*r + 363. Calculate the greatest common divisor of l and r.
11
Let i(f) = f**3 + 12*f**2 - 3*f - 26. Let g be i(-12). Suppose 0 = 4*o - g - 2. Suppose 1078 = o*x + 4*x. What is the highest common factor of 14 and x?
14
Let c = 939 + -807. Calculate the greatest common divisor of c and 28.
4
Let h = -960 - -652. Let l = h + 211. Let p = l - -117. Calculate the greatest common divisor of 4 and p.
4
Suppose 3*u = 242 - 41. Let v be -2 - -72 - 9*(-18)/(-54). What is the greatest common divisor of v and u?
67
Let o = 3750 - -6613. Calculate the highest common factor of 86 and o.
43
Let x(y) = -57*y + 787. Let s be x(-25). What is the greatest common factor of s and 21?
7
Suppose -52 = 53680*u - 53684*u. Let x = 1105 + -689. What is the greatest common divisor of u and x?
13
Suppose 142 - 457 = 15*h. Let o be h/(-2) + 99/(-66). Calculate the greatest common factor of o and 15.
3
Suppose 20738*f = 20748*f - 370. Let g(r) = 11*r**3 - 7*r**2 + 4*r + 3. Let y be g(4). Let l = y - 426. What is the greatest common factor of f and l?
37
Let o(x) = -x**3 - 36*x**2 - 58*x - 428. Let w be o(-35). What is the greatest common divisor of 348 and w?
29
Let y(h) be the second derivative of -h**3/6 - 3*h**2 + 81*h. Let j be y(-14). What is the greatest common divisor of j and 40?
8
Let b be ((-308)/(-12))/(7/63). What is the highest common factor of 441 and b?
21
Let t be (357/(-330) - (-2)/(-20))*-11. Calculate the greatest common factor of 9451 and t.
13
Let z be (1/(-1))/(6/(-66)). Suppose n = 24 + 350. What is the highest common factor of z and n?
11
Let p(b) = b**2 - 37*b + 104. Let t be p(34). Suppose t*v + 4*g - 428 = 0, -3*g - 27 = -42. Calculate the highest common factor of v and 24.
12
Suppose -3*h + 68 = -20*h. Let p be 0 - (h*17 + -3). What is the highest common factor of 284 and p?
71
Suppose -2*b + 10*b = -72. Let y be b/(-15) + 189/35. Suppose y*j - 1350 = -0*j. Calculate the greatest common divisor of 90 and j.
45
Suppose -38*a + 263 = -10*a - 1221. Suppose 0 = -z + 4*z - 1749. What is the greatest common factor of a and z?
53
Let o be 2 - (-2 - (0 - 0)). Suppose -2160 + 3656 = 11*c. Calculate the greatest common factor of c and o.
4
Suppose 0*r + 285 = 5*r. Suppose -s = 4*m - 119, -m - 3*s = m - r. Calculate the highest common factor of 24 and m.
6
Let j = 5308 - 4849. Let h(p) = 3*p**2 - 2*p + 51. Let v be h(0). What is the highest common factor of v and j?
51
Suppose 5*b + 4*s = 127791, 5*s - 32063 = -4*b + 70186. Calculate the highest common factor of 17 and b.
17
Let w be (70/(-245))/((-3)/504). What is the greatest common factor of w and 192?
48
Let u = 41348 + -41335. Suppose 0 = -c + 2*h + 10, -5*c = h - 4*h - 22. What is the highest common factor of c and u?
1
Let i = 9934 + -9879. What is the greatest common factor of 286 and i?
11
Let j = -1191 - -734. Let p = j - -736. What is the highest common factor of 9 and p?
9
Let v(b) = -3*b + 34. Let d be v(6). Suppose h + 3*a = 6, -3*h + 0*a = 5*a - 18. Calculate the greatest common factor of h and d.
2
Let f be ((-14)/10)/((-229)/38930). Let q = 83 - 49. What is the highest common factor of q and f?
34
Let g(a) = 18*a + 4*a - 60*a - 14 + 21*a. Let s be g(-4). Calculate the greatest common factor of 6 and s.
6
Let h = -11370 - -11727. Calculate the greatest common factor of h and 1092.
21
Suppose -84*a - 1791 - 1839 = -249*a. What is the highest common divisor of 3553 and a?
11
Suppose 0 = -c + 13*c - 1296. Suppose 10*o - 312 = c. Calculate the greatest common divisor of 210 and o.
42
Let d(g) = -26*g**3 - 3*g**2 + 5*g + 91. Let j be d(0). Calculate the highest common divisor of j and 13.
13
Suppose 71*h - 73*h + 2 = 0. Let w be 35 - h - (7 - (-20)/(-4)). Let z(x) = 2*x**2 + 8*x + 6. Let r be z(-7). Calculate the greatest common divisor of w and r.
16
Suppose -2*d + 5*a = 3*d, 4*d = 3*a - 2. Let q be (-39)/d*(-506)/(-33). What is the greatest common divisor of q and 46?
23
Let q = 35 - 33. Let w be 23*(q + 2)*(-4)/(-8). What is the greatest common factor of 23 and w?
23
Let k be (1296/64)/(17/360